{"id":510,"date":"2018-10-04T19:57:31","date_gmt":"2018-10-04T19:57:31","guid":{"rendered":"https:\/\/colegioveruska.com\/?page_id=510"},"modified":"2018-10-04T19:57:31","modified_gmt":"2018-10-04T19:57:31","slug":"informacoes-para-matricula","status":"publish","type":"page","link":"https:\/\/colegiovk.com.br\/novo\/informacoes-para-matricula\/","title":{"rendered":"Informa\u00e7\u00f5es para Matr\u00edcula"},"content":{"rendered":"<div id='av-layout-grid-1'  class='av-layout-grid-container av-av_layout_row-edf07c93594a85695fda65c20c2393d8 entry-content-wrapper main_color av-flex-cells  avia-builder-el-0  el_before_av_section  avia-builder-el-first   container_wrap fullsize'  >\n\n<style type=\"text\/css\" data-created_by=\"avia_inline_auto\" id=\"style-css-av-av_cell_one_third-3bcea5b8fabeed2f04f1cd87cc7367c0\">\n.flex_cell.av-av_cell_one_third-3bcea5b8fabeed2f04f1cd87cc7367c0{\nvertical-align:top;\nbackground-color:#bf0000;\n}\n.responsive #top #wrap_all .flex_cell.av-av_cell_one_third-3bcea5b8fabeed2f04f1cd87cc7367c0{\npadding:3px 3px 3px 3px !important;\n}\n<\/style>\n<div class='flex_cell av-av_cell_one_third-3bcea5b8fabeed2f04f1cd87cc7367c0 av-gridrow-cell av_one_third no_margin  avia-builder-el-1  el_before_av_cell_one_third  avia-builder-el-first ' ><div class='flex_cell_inner'><\/div><\/div>\n<style type=\"text\/css\" data-created_by=\"avia_inline_auto\" id=\"style-css-av-av_cell_one_third-faa7b26dcf7ac4666258ba4028bdfc53\">\n.flex_cell.av-av_cell_one_third-faa7b26dcf7ac4666258ba4028bdfc53{\nvertical-align:top;\nbackground-color:#7c0000;\n}\n.responsive #top #wrap_all .flex_cell.av-av_cell_one_third-faa7b26dcf7ac4666258ba4028bdfc53{\npadding:3px 3px 3px 3px !important;\n}\n<\/style>\n<div class='flex_cell av-av_cell_one_third-faa7b26dcf7ac4666258ba4028bdfc53 av-gridrow-cell av_one_third no_margin av-hide-on-mobile  avia-builder-el-2  el_after_av_cell_one_third  el_before_av_cell_one_third ' ><div class='flex_cell_inner'><\/div><\/div>\n<style type=\"text\/css\" data-created_by=\"avia_inline_auto\" id=\"style-css-av-av_cell_one_third-84df8c0bef4289c6325525fb542ed0b2\">\n.flex_cell.av-av_cell_one_third-84df8c0bef4289c6325525fb542ed0b2{\nvertical-align:top;\nbackground-color:#3a3a3a;\n}\n.responsive #top #wrap_all .flex_cell.av-av_cell_one_third-84df8c0bef4289c6325525fb542ed0b2{\npadding:3px 3px 3px 3px !important;\n}\n<\/style>\n<div class='flex_cell av-av_cell_one_third-84df8c0bef4289c6325525fb542ed0b2 av-gridrow-cell av_one_third no_margin av-hide-on-mobile  avia-builder-el-3  el_after_av_cell_one_third  avia-builder-el-last ' ><div class='flex_cell_inner'><\/div><\/div>\n<\/div>\n\n<style type=\"text\/css\" data-created_by=\"avia_inline_auto\" id=\"style-css-av-av_section-54f49917645dcf063ccec11b25142f5b\">\n.avia-section.av-av_section-54f49917645dcf063ccec11b25142f5b{\nbackground-repeat:no-repeat;\nbackground-image:url(https:\/\/colegiovk.com.br\/novo\/wp-content\/uploads\/2018\/09\/fundo_capa.png);\nbackground-position:50% 50%;\nbackground-attachment:fixed;\n}\n.avia-section.av-av_section-54f49917645dcf063ccec11b25142f5b .av-section-color-overlay{\nopacity:0.8;\nbackground-color:#e5e5e5;\nbackground-image:url(https:\/\/colegiovk.com.br\/novo\/wp-content\/themes\/enfold\/images\/background-images\/diagonal-bold-light.png);\nbackground-repeat:repeat;\n}\n<\/style>\n<div id='av_section_1'  class='avia-section av-av_section-54f49917645dcf063ccec11b25142f5b main_color avia-section-default avia-no-shadow  avia-builder-el-4  el_after_av_layout_row  el_before_av_layout_row  avia-full-stretch avia-bg-style-fixed av-section-color-overlay-active container_wrap fullsize'  data-section-bg-repeat='stretch'><div class=\"av-section-color-overlay-wrap\"><div class=\"av-section-color-overlay\"><\/div><div class='container av-section-cont-open' ><div class='template-page content  av-content-full alpha units'><div class='post-entry post-entry-type-page post-entry-510'><div class='entry-content-wrapper clearfix'>\n\n<style type=\"text\/css\" data-created_by=\"avia_inline_auto\" id=\"style-css-av-av_heading-45eac2a5a72675e7f7c74227c48c41d1\">\n#top .av-special-heading.av-av_heading-45eac2a5a72675e7f7c74227c48c41d1{\npadding-bottom:10px;\ncolor:#333333;\n}\nbody .av-special-heading.av-av_heading-45eac2a5a72675e7f7c74227c48c41d1 .av-special-heading-tag .heading-char{\nfont-size:25px;\n}\n.av-special-heading.av-av_heading-45eac2a5a72675e7f7c74227c48c41d1 .special-heading-inner-border{\nborder-color:#333333;\n}\n.av-special-heading.av-av_heading-45eac2a5a72675e7f7c74227c48c41d1 .av-subheading{\nfont-size:15px;\n}\n<\/style>\n<div  class='av-special-heading av-av_heading-45eac2a5a72675e7f7c74227c48c41d1 av-special-heading-h2 custom-color-heading blockquote modern-quote  avia-builder-el-5  el_before_av_hr  avia-builder-el-first '><h2 class='av-special-heading-tag'  itemprop=\"headline\"  >Informa\u00e7\u00f5es para Rematr\u00edcula<\/h2><div class=\"special-heading-border\"><div class=\"special-heading-inner-border\"><\/div><\/div><\/div>\n\n<style type=\"text\/css\" data-created_by=\"avia_inline_auto\" id=\"style-css-av-av_hr-734d8e2ebf8431430626ac096a141848\">\n#top .hr.hr-invisible.av-av_hr-734d8e2ebf8431430626ac096a141848{\nheight:25px;\n}\n<\/style>\n<div  class='hr av-av_hr-734d8e2ebf8431430626ac096a141848 hr-invisible  avia-builder-el-6  el_after_av_heading  el_before_av_one_full  av-small-hide av-mini-hide'><span class='hr-inner '><span class=\"hr-inner-style\"><\/span><\/span><\/div>\n\n<style type=\"text\/css\" data-created_by=\"avia_inline_auto\" id=\"style-css-av-av_one_full-3d5b661878603e52f83c4bb282a0d472\">\n.flex_column.av-av_one_full-3d5b661878603e52f83c4bb282a0d472{\nborder-width:3px;\nborder-color:#f2f2f2;\nborder-style:solid;\n-webkit-border-radius:5px 5px 5px 5px;\n-moz-border-radius:5px 5px 5px 5px;\nborder-radius:5px 5px 5px 5px;\npadding:20px 20px 20px 20px;\nbackground-color:#f4f4f4;\n}\n<\/style>\n<div class='flex_column av-av_one_full-3d5b661878603e52f83c4bb282a0d472 av_one_full  avia-builder-el-7  el_after_av_hr  avia-builder-el-last  first flex_column_div av-animated-generic pop-up '     ><style type=\"text\/css\" data-created_by=\"avia_inline_auto\" id=\"style-css-av-av_textblock-26eaa9a1c57bff613edaec99918182aa\">\n#top .av_textblock_section.av-av_textblock-26eaa9a1c57bff613edaec99918182aa .avia_textblock{\nfont-size:15px;\n}\n<\/style>\n<section  class='av_textblock_section av-av_textblock-26eaa9a1c57bff613edaec99918182aa'  itemscope=\"itemscope\" itemtype=\"https:\/\/schema.org\/CreativeWork\" ><div class='avia_textblock'  itemprop=\"text\" ><p><strong>Informa\u00e7\u00f5es para Matr\u00edcula<\/strong><\/p>\n<p>Senhores Pais,<\/p>\n<p>Agradecemos pela confian\u00e7a que tiveram ao escolher nosso Col\u00e9gio. Tenham certeza de que n\u00e3o mediremos esfor\u00e7os para atend\u00ea-los da melhor forma, no que se refere a forma\u00e7\u00e3o de seu (sua) filho (a).<\/p>\n<p>Esperamos que esta parceria nos d\u00ea bons frutos e que sigamos confiantes num futuro melhor e promissor.<\/p>\n<p>Atenciosamente,<\/p>\n<p><strong>Col\u00e9gio Veruska<\/strong><\/p>\n<p><strong>Passe Escolar<\/strong><\/p>\n<p><strong>Somente via internet<\/strong><\/p>\n<p>A escola realizar\u00e1 o cadastro do aluno na SPTRANS.<\/p>\n<p><strong>Para o 1\u00ba cart\u00e3o<\/strong><\/p>\n<ul>\n<li>Solicitar na recep\u00e7\u00e3o o cadastro na <strong>SPTRANS<\/strong>;<\/li>\n<li>Entrar no site <a href=\"http:\/\/www.bilheteunico.sptrans.com.br\">bilheteunico.sptrans.com.br<\/a>, clicar no item <strong>Estudante<\/strong>, clicar em <strong>Solicita\u00e7\u00e3o e em Solicitar \/ Revalidar Cart\u00e3o Novo<\/strong>;<\/li>\n<li>Em <strong>Aviso-Estudante<\/strong>, clicar em <strong>Solicitar\/ Revalidar o Novo Bilhete \u00danico<\/strong><\/li>\n<li>Clicar em <strong>Iniciar Cadastro<\/strong>, concordar com o termo de ades\u00e3o, enviar uma foto 3&#215;4, escolher um tema para o cart\u00e3o e um local para a retirada do mesmo;<\/li>\n<\/ul>\n<p><strong>\u00c9 necess\u00e1rio CPF, RG, e-mail e senha para acessar o sistema;<\/strong><\/p>\n<ul>\n<li>Escolher <strong>Bilhete \u00danico<\/strong> ou <strong>Bilhete \u00danico + carteira de estudante<\/strong>;<\/li>\n<li>Gerar o boleto e efetuar o pagamento.<\/li>\n<\/ul>\n<p><strong>Para revalidar o Cart\u00e3o ou 2\u00ba via<\/strong><\/p>\n<ul>\n<li>Entrar no site <a href=\"http:\/\/www.bilheteunico.sptrans.com.br\">bilheteunico.sptrans.com.br<\/a> ;<\/li>\n<li>Clicar no item <strong>Estudante<\/strong>, clicar em <strong>Solicita\u00e7\u00e3o<\/strong> e<strong> em Solicitar \/ Revalidar Cart\u00e3o Novo<\/strong>ou<strong> 2\u00ba via<\/strong>;<\/li>\n<li>Clicar em <strong>J\u00e1 sou cadastrado<\/strong>, digitar os dados;<\/li>\n<li>Escolher <strong>Bilhete \u00danico<\/strong> ou <strong>Bilhete \u00danico + carteira de estudante (se for 2\u00ba via)<\/strong>;<\/li>\n<li><strong>Para revalidar utilizar\u00e1 o mesmo cart\u00e3o.<\/strong><\/li>\n<li>Gerar o bolete e efetuar o pagamento.<\/li>\n<\/ul>\n<p><strong>Uniforme escolar<\/strong><\/p>\n<table>\n<tbody>\n<tr>\n<td width=\"283\"><strong>Educa\u00e7\u00e3o Infantil e Ensino Fundamental<\/strong><\/td>\n<td width=\"283\"><strong>Ensino M\u00e9dio<\/strong><\/td>\n<\/tr>\n<tr>\n<td width=\"283\">Conjunto completo cinza de (tactel ou moleton); camiseta branca ou vermelha; bermuda cinza ou cal\u00e7a legging. Para o Minimaternal at\u00e9 o 3\u00ba ano do Fund. I, shorts e saia;<\/td>\n<td width=\"283\">Camiseta branca ou vermelha; bermuda masculina cinza ou cal\u00e7a legging cinza; agasalho cinza (tactel ou moleton);<\/td>\n<\/tr>\n<tr>\n<td width=\"283\">Meias brancas;<\/td>\n<td width=\"283\">Cal\u00e7a Jeans tradicional;<\/td>\n<\/tr>\n<tr>\n<td width=\"283\">T\u00eanis preto (de prefer\u00eancia).<\/td>\n<td width=\"283\">T\u00eanis preto (de prefer\u00eancia).<\/td>\n<\/tr>\n<\/tbody>\n<\/table>\n<p><strong>\u00a0<\/strong><\/p>\n<p><strong>Vendas de uniformes<\/strong><\/p>\n<p>Souver Confec\u00e7\u00f5es \u2013 Rua do Pomar, 49 \u2013 Vila das Merc\u00eas \u2013 Telefone: 2352-1513<\/p>\n<p><strong>Assuntos Gerais<\/strong><\/p>\n<ul>\n<li>Forma\u00e7\u00e3o de turmas \u2013 ser\u00e1 determinada pela equipe pedag\u00f3gica e a mudan\u00e7a s\u00f3 ser\u00e1 efetuada com o aval da Coordena\u00e7\u00e3o do n\u00edvel.<\/li>\n<li>Mudan\u00e7a de per\u00edodo para 2019 \u2013 Solicitar na secretaria por escrito e as mudan\u00e7as ser\u00e3o atendidas mediante disponibilidade de vagas.<\/li>\n<li>Per\u00edodos e Hor\u00e1rios das Aulas:<\/li>\n<\/ul>\n<p><strong>Per\u00edodo Matutino:<\/strong><\/p>\n<p><strong>\u00a0<\/strong><\/p>\n<ul>\n<li>Educa\u00e7\u00e3o Infantil<\/li>\n<\/ul>\n<p>(Minimaternal, Maternal, N\u00edvel I e N\u00edvel II) \u2013 das 7h \u00e0s 11h20.<\/p>\n<ul>\n<li>Educa\u00e7\u00e3o Fundamental I \u2013 das 7h \u00e0s 11h30.<\/li>\n<li>Educa\u00e7\u00e3o Fundamental II \u2013 das 7h \u00e0s 11h50<\/li>\n<li>Ensino M\u00e9dio \u2013 das 7h \u00e0s 12h35<\/li>\n<\/ul>\n<p><strong>Per\u00edodo Vespertino:<\/strong><\/p>\n<p><strong>\u00a0<\/strong><\/p>\n<ul>\n<li>Educa\u00e7\u00e3o Infantil<\/li>\n<\/ul>\n<p>(Minimaternal, Maternal) \u2013 das 13h \u00e0s 17h10.<\/p>\n<ul>\n<li>Educa\u00e7\u00e3o Infantil<\/li>\n<\/ul>\n<p>(N\u00edvel I e N\u00edvel II) &#8211; das 13h \u00e0s 17h20.<\/p>\n<ul>\n<li>Educa\u00e7\u00e3o Fundamental I \u2013 das 13h \u00e0s 17h30.<\/li>\n<li>Educa\u00e7\u00e3o Fundamental II \u2013 das 13h \u00e0s 17h50<\/li>\n<\/ul>\n<p><strong>\u00a0<\/strong><\/p>\n<p><strong>Per\u00edodo Integral para Infantil e Fundamental I:<\/strong><\/p>\n<p><strong>\u00a0<\/strong><\/p>\n<ul>\n<li>7h \u00e0s 17h30.<\/li>\n<\/ul>\n<p><strong>Cronograma<\/strong><\/p>\n<p><strong>Janeiro \u2013 2019<\/strong><\/p>\n<p><strong>Dia 07\/01\/2019 a 28\/01\/2019 <\/strong>\u2013 Secretaria voltar\u00e1 a atender das 8:00 \u00e0s 17:00.<\/p>\n<p><strong>Dia 28\/01\/2019 (2\u00ba feira)<\/strong> \u2013 Reuni\u00e3o de Pais dos alunos de Fundamental I (1\u00ba ao 5\u00ba ano), Fundamental II (6\u00ba ao 9\u00ba ano) e M\u00e9dio.<\/p>\n<ul>\n<li>8:00 \u2013 alunos do per\u00edodo da manh\u00e3<\/li>\n<li>14:00 \u2013 alunos do per\u00edodo da tarde<\/li>\n<\/ul>\n<p><strong>Dia 29\/01\/2019 (3\u00ba feira)<\/strong> \u2013 Reuni\u00e3o de Pais dos alunos da Educa\u00e7\u00e3o Infantil (Minimaternal, N\u00edvel I e N\u00edvel II)<\/p>\n<ul>\n<li>8:00 \u2013 alunos do per\u00edodo da manh\u00e3<\/li>\n<li>14:00 \u2013 alunos do per\u00edodo da tarde<\/li>\n<\/ul>\n<p><strong>Dia 29\/01\/2019 (3\u00ba feira)<\/strong> \u2013 In\u00edcio das aulas do Fundamental I, Fundamental II e M\u00e9dio. \u2013 Hor\u00e1rio de aula normal.<\/p>\n<p><strong>Dia 30\/01\/2019 (4\u00ba feira)<\/strong> \u2013 In\u00edcio das aulas da Educa\u00e7\u00e3o Infantil (Minimaternal, N\u00edvel I e N\u00edvel II). Hor\u00e1rio de adapta\u00e7\u00e3o de acordo com cada n\u00edvel.<\/p>\n<p><strong>Fevereiro \u2013 2019<\/strong><\/p>\n<p><strong>Dia 18\/02\/2018 (2\u00ba feira)<\/strong> \u2013 In\u00edcio das aulas de Atividades Extras<\/p>\n<p><strong>Fa\u00e7a a sua inscri\u00e7\u00e3o na Tesouraria.<\/strong><\/p>\n<p><strong>\u00a0<\/strong><\/p>\n<p><strong>Sejam bem-vindos ao Col\u00e9gio Veruska no ano letivo de 2019<\/strong><\/p>\n<\/div><\/section><\/div><\/div><\/div><\/div><!-- close content main div --><\/div><\/div><\/div><div id='av-layout-grid-2'  class='av-layout-grid-container av-av_layout_row-edf07c93594a85695fda65c20c2393d8 entry-content-wrapper main_color av-flex-cells  avia-builder-el-9  el_after_av_section  avia-builder-el-last  grid-row-not-first  container_wrap fullsize'  >\n\n<style type=\"text\/css\" data-created_by=\"avia_inline_auto\" id=\"style-css-av-av_cell_one_third-3bcea5b8fabeed2f04f1cd87cc7367c0\">\n.flex_cell.av-av_cell_one_third-3bcea5b8fabeed2f04f1cd87cc7367c0{\nvertical-align:top;\nbackground-color:#bf0000;\n}\n.responsive #top #wrap_all .flex_cell.av-av_cell_one_third-3bcea5b8fabeed2f04f1cd87cc7367c0{\npadding:3px 3px 3px 3px !important;\n}\n<\/style>\n<div class='flex_cell av-av_cell_one_third-3bcea5b8fabeed2f04f1cd87cc7367c0 av-gridrow-cell av_one_third no_margin  avia-builder-el-10  el_before_av_cell_one_third  avia-builder-el-first ' ><div class='flex_cell_inner'><\/div><\/div>\n<style type=\"text\/css\" data-created_by=\"avia_inline_auto\" id=\"style-css-av-av_cell_one_third-faa7b26dcf7ac4666258ba4028bdfc53\">\n.flex_cell.av-av_cell_one_third-faa7b26dcf7ac4666258ba4028bdfc53{\nvertical-align:top;\nbackground-color:#7c0000;\n}\n.responsive #top #wrap_all .flex_cell.av-av_cell_one_third-faa7b26dcf7ac4666258ba4028bdfc53{\npadding:3px 3px 3px 3px !important;\n}\n<\/style>\n<div class='flex_cell av-av_cell_one_third-faa7b26dcf7ac4666258ba4028bdfc53 av-gridrow-cell av_one_third no_margin av-hide-on-mobile  avia-builder-el-11  el_after_av_cell_one_third  el_before_av_cell_one_third ' ><div class='flex_cell_inner'><\/div><\/div>\n<style type=\"text\/css\" data-created_by=\"avia_inline_auto\" id=\"style-css-av-av_cell_one_third-84df8c0bef4289c6325525fb542ed0b2\">\n.flex_cell.av-av_cell_one_third-84df8c0bef4289c6325525fb542ed0b2{\nvertical-align:top;\nbackground-color:#3a3a3a;\n}\n.responsive #top #wrap_all .flex_cell.av-av_cell_one_third-84df8c0bef4289c6325525fb542ed0b2{\npadding:3px 3px 3px 3px !important;\n}\n<\/style>\n<div class='flex_cell av-av_cell_one_third-84df8c0bef4289c6325525fb542ed0b2 av-gridrow-cell av_one_third no_margin av-hide-on-mobile  avia-builder-el-12  el_after_av_cell_one_third  avia-builder-el-last ' ><div class='flex_cell_inner'><\/div><\/div>\n<\/div><\/p>\n","protected":false},"excerpt":{"rendered":"","protected":false},"author":1,"featured_media":0,"parent":0,"menu_order":0,"comment_status":"closed","ping_status":"closed","template":"","meta":{"_joinchat":[]},"_links":{"self":[{"href":"https:\/\/colegiovk.com.br\/novo\/wp-json\/wp\/v2\/pages\/510"}],"collection":[{"href":"https:\/\/colegiovk.com.br\/novo\/wp-json\/wp\/v2\/pages"}],"about":[{"href":"https:\/\/colegiovk.com.br\/novo\/wp-json\/wp\/v2\/types\/page"}],"author":[{"embeddable":true,"href":"https:\/\/colegiovk.com.br\/novo\/wp-json\/wp\/v2\/users\/1"}],"replies":[{"embeddable":true,"href":"https:\/\/colegiovk.com.br\/novo\/wp-json\/wp\/v2\/comments?post=510"}],"version-history":[{"count":2,"href":"https:\/\/colegiovk.com.br\/novo\/wp-json\/wp\/v2\/pages\/510\/revisions"}],"predecessor-version":[{"id":9156,"href":"https:\/\/colegiovk.com.br\/novo\/wp-json\/wp\/v2\/pages\/510\/revisions\/9156"}],"wp:attachment":[{"href":"https:\/\/colegiovk.com.br\/novo\/wp-json\/wp\/v2\/media?parent=510"}],"curies":[{"name":"wp","href":"https:\/\/api.w.org\/{rel}","templated":true}]}}